be -13 + (2 - -6) + -2. What are the prime factors of 7/u - (-784)/4?
3, 5, 13
Let k = 8052 - -1674. List the prime factors of k.
2, 3, 1621
Let a = 1138 - 48. Suppose -d + 2*g + 396 + 144 = 0, -a = -2*d - g. List the prime factors of d.
2, 17
Let j = -9 + 13. Let s(m) = -11*m. Let t be s(0). Suppose t = -j*y + 276. List the prime factors of y.
3, 23
Let b = -72601 + 130517. What are the prime factors of b?
2, 14479
Let w(r) = -1224*r**3 - r**2. Let h be w(-1). Let k = h + -855. List the prime factors of k.
2, 23
Let w(r) = 4*r + 9. Let h be w(-3). Let u be 1/((-2)/12*h). Suppose -8 = 2*v, 3*v = -z - u*v - 15. What are the prime factors of z?
5
Let j(o) be the third derivative of o**4/6 + 40*o**3/3 - 2*o**2 - 9. Let y be j(-18). Suppose -y = -10*l + 242. List the prime factors of l.
5
Suppose 69 = 5*j + 2*t, t + 2 = 2*j - 22. Suppose -j*y + 3588 = -7*y. What are the prime factors of y?
2, 13, 23
Let b be 1*(-1 + 1 - -5). Suppose 0*s + g = b*s - 1321, 1044 = 4*s - 4*g. Suppose 2*q = -3*q + s. List the prime factors of q.
53
Suppose 4*a - 10371 = -t + 12142, t + 2*a - 22501 = 0. What are the prime factors of t?
43, 523
Suppose y + 16 = 2*y. Let n be (-3)/(-12) + 2204/y. Let j = 263 - n. List the prime factors of j.
5
Let n(d) = 53*d + 4 - 109*d - d**3 + 13*d**2 + 29*d + 54*d. List the prime factors of n(11).
3, 181
Suppose 360 = 12*w - 6*w. Let y = w - -80. Suppose 7*n - y = 5*n. List the prime factors of n.
2, 5, 7
Let m(r) = 3*r**2. Let x(q) = q - 3. Let z be x(2). Let o be m(z). List the prime factors of (-15)/(-3) + -3 + o.
5
Let a(h) = -2457*h + 731. What are the prime factors of a(-16)?
23, 1741
Let i = 3 + 2. Let l(o) = o**2 + o + 1. Let n(m) = 2*m**3 + 6*m + 17. Let x(h) = -6*l(h) + n(h). List the prime factors of x(i).
3, 37
Let m = 127 + -64. Let y be 1395/m - (6/(-14))/(-3). Let s = 182 - y. List the prime factors of s.
2, 5
Let d = 50 - 51. Let r(i) = 6*i + 2. Let u(l) = -l - 1. Let z(o) = d*r(o) - 8*u(o). What are the prime factors of z(12)?
2, 3, 5
Let a = 15 + -3. Let l = a + -6. Suppose 0*x - 4*s - 101 = -x, -2*s - l = 0. List the prime factors of x.
89
Let j = -190 - -330. Let q be -126 - (8/(-7) - (-20)/j). Let x = q + 165. What are the prime factors of x?
2, 5
Let d = 3396 + -15120. List the prime factors of (-81)/45 - d/30.
389
Let i = -40 + -1071. Let w = -19 - i. What are the prime factors of w?
2, 3, 7, 13
Let o = -471 - -526. Let g = o - -568. What are the prime factors of g?
7, 89
Suppose 9*l - 4*l + 2*k - 59902 = 0, -2*k - 59918 = -5*l. List the prime factors of ((-18)/(-15))/(5 - l/2400).
2, 5
Let p be (-4 - -29)*(3 - 2). Suppose -p*b + 13056 = -9*b. What are the prime factors of b?
2, 3, 17
Let r = -305 - -310. Suppose -3*m - 4*x + 228 = 18, 0 = -4*m - r*x + 281. What are the prime factors of m?
2, 37
Let k(o) = -o**3 - 12*o**2 - 34*o + 14. Let r be k(-6). Suppose 0 = 4*t + r*u - 1096, 5*t + u - 570 - 806 = 0. List the prime factors of t.
2, 3, 23
Let h(c) = -c**2 + 7*c - 6. Let p be h(7). Let f be 3/(-9) - (-10)/p - -3. What are the prime factors of (-7)/21 - (f + 885/(-9))?
97
Let q(y) be the first derivative of 14*y**3/3 + 57*y**2/2 + 6*y - 104. List the prime factors of q(-7).
293
Let z(k) = 2*k - 143. Let u be z(14). List the prime factors of (-964)/(-10) + 46/u.
2, 3
Let r = 89 + -89. Suppose -v - 3*n + 3 = 2*v, r = 5*v - n - 17. Suppose 0 = -v*o - 6 - 9, t - o - 87 = 0. List the prime factors of t.
2, 41
Suppose -27*x - 69551 + 201959 = 0. List the prime factors of x.
2, 613
Suppose 1 = -h, -4*d = -5*d + h + 34. Let r be (1 - 39/d) + 840/22. Let i = r - -27. List the prime factors of i.
5, 13
Suppose 4*a + 26 = -12*f + 13*f, 3*f - 3*a - 87 = 0. Suppose 46*w = f*w + 20032. List the prime factors of w.
2, 313
Let t be 4/1*(-10)/(-8). Let l be ((-33)/9 + t)/((-4)/(-18)). List the prime factors of (32/(-10))/((-304)/50 + l).
2, 5
Suppose -18*m - 29*m + 1027856 = -1915284. What are the prime factors of m?
2, 5, 31, 101
Let q be 210694/18 + 23/((-1449)/14). Suppose -29*o + q = -2041. What are the prime factors of o?
2, 3, 79
Let v = 58260 - 34467. List the prime factors of v.
3, 7, 11, 103
Let z = 286 - 179. Let t be ((-9)/(-2))/(252/(-3360)). Let d = z + t. List the prime factors of d.
47
Let k(v) = v - 1. Let y(d) = -1 + 7*d + 4*d**2 - 6 + d**3 + 2 - 13*d. Let u(l) = -3*k(l) + y(l). List the prime factors of u(5).
2, 89
Suppose k + 28 = 5*u - 11, -k + 1 = 0. Suppose a - u*a = -14. Suppose -b = -s - 33 - 97, -268 = -a*b + 4*s. List the prime factors of b.
2, 3, 7
What are the prime factors of (3 + -285 + -4)/((-1048)/174 + 6)?
3, 11, 13, 29
Let h = -27762 - -40042. List the prime factors of h.
2, 5, 307
Let o be 215/2*(-120)/75. Let t = o - -114. Let x = 6 - t. What are the prime factors of x?
2
Suppose -31 = 15*l - 1. What are the prime factors of (-231)/l - 0 - (-1)/2?
2, 29
Suppose -v - 5*r = -16474, 2*v = -5*r + 28903 + 4040. What are the prime factors of v?
43, 383
Let x(h) = -h**2 - 9*h - 4. Let c be x(-3). Suppose -4*i - c = -a, -i - 20 = -3*a - 0*i. What are the prime factors of a?
2, 3
Let l be 2 + (-8)/2 + 0. Let m be ((-5)/l)/(11/22). Suppose -4*r + 5*z + 383 = 0, -m*r + 4*z + 480 = 8. What are the prime factors of r?
2, 23
Suppose -t + 23036 = -29638 + 18103. What are the prime factors of t?
181, 191
Suppose 124 = -2*b + 88. What are the prime factors of (9/b)/((15/72)/(-5))?
2, 3
What are the prime factors of (-131 + (-4)/(-2 - 2))*(-2568)/48?
5, 13, 107
Let s(v) = 9*v**2 - 81*v - 1270. What are the prime factors of s(-41)?
2, 5, 859
Let o(t) be the first derivative of 53*t**2/2 + 173*t - 2. List the prime factors of o(28).
1657
Suppose 5*s + v - 130 = 3*v, -5*v = 4*s - 71. Let z be (-206 + 0)*(s/16 - 1). Let t = 48 - z. List the prime factors of t.
151
Let v(i) = 59*i + 48. Let l be v(-3). Let z = -6 - l. List the prime factors of z.
3, 41
What are the prime factors of (40/(-50))/((32/33830)/(-8))?
2, 17, 199
Let a = -13547 + 26469. What are the prime factors of a?
2, 7, 13, 71
Let r = 64 + -7. Let v(m) = -10*m - 7*m - 56 + r + 3*m + 3*m**2. List the prime factors of v(5).
2, 3
Suppose -45*r = -506964 - 414771. What are the prime factors of r?
20483
Let b = 48895 - 25227. List the prime factors of b.
2, 61, 97
Suppose 0 = -0*q + 2*q + 1656. Let y be (q/(-90))/((-2)/(-50)). Let h = -119 + y. List the prime factors of h.
3, 37
Let h = -21716 - -43571. List the prime factors of h.
3, 5, 31, 47
Let g be 5/2*168/15. Suppose -g*u = -562 - 418. List the prime factors of u.
5, 7
Let v be (-194824)/30 - (-16)/120. Let q = -4150 - v. What are the prime factors of q/16 - (2 - (-21)/(-6))?
2, 37
What are the prime factors of 245/(-42) - -6 - (5 + (-273308)/24)?
11383
Let a = -154 - -158. Suppose -5*o = -o - 2*q - 756, a*q = o - 189. What are the prime factors of o?
3, 7
What are the prime factors of 4/((-48)/591)*(1776/4)/(-3)?
37, 197
Let p = -7903 + 13580. List the prime factors of p.
7, 811
Let s = -124 - -111. Let a = -9 - s. Suppose -8*t = -a*t - 268. List the prime factors of t.
67
Suppose -3*y + x + 9060 = 0, 9*y - 8*y + 4*x - 3007 = 0. List the prime factors of y.
3019
Suppose -11157 + 417 = -2*v + 2*x, v - 5367 = 2*x. Suppose 8*r - v = 4963. What are the prime factors of r?
2, 17, 19
Let y = 84 + -151. Let n = y - -276. Let l = n + 19. List the prime factors of l.
2, 3, 19
Let w = -363 - 314. Let v = -249 - w. List the prime factors of v.
2, 107
Let g = -14 + -37. Let l = 6265 + -6152. Let d = l - g. What are the prime factors of d?
2, 41
Suppose -4*t + 14 = -2. Let d(g) = -4*g + 37*g**2 + 4*g - 3*g - 3 - 35*g**2. List the prime factors of d(t).
17
Suppose 0 = -2*z + 3*c + 33, -2*z + 0*z - 5*c = -9. Suppose -x + 31 = -z*a + 14*a, 5*x = 3*a + 142. List the prime factors of x.
29
Let i = 10 - 7. Let f(p) = -p**2 - 138*p + 6475. Let k be f(37). Suppose 0*r + i*r + 9 = 3*c, k = -4*c - 4*r + 36. What are the prime factors of c?
2, 3
Suppose -3*j - 2*x - 3763 = -32830, 29049 = 3*j + 5*x. List the prime factors of j.
3, 359
Let j(q) be the second derivative of -q**5/20 + 5*q**4/3 - 3*q**3 - 29*q**2/2 + 28*q. What are the prime factors of j(8)?
5, 7, 17
Suppose 23040 = 5*n + 2*y, -4*n + 9*y - 8*y = -18445. Suppose 0 = -3*s + 4*g + 2798, -19*s + n = -14*s + 4*g. What are the prime factors of s?
2, 463
Let q(r